{"id":718,"date":"2014-10-04T21:52:14","date_gmt":"2014-10-04T19:52:14","guid":{"rendered":"http:\/\/www.reinhard-knodt.de\/?page_id=718"},"modified":"2022-10-24T12:01:22","modified_gmt":"2022-10-24T10:01:22","slug":"philosophische-essays","status":"publish","type":"page","link":"https:\/\/www.reinhard-knodt.de\/?page_id=718","title":{"rendered":"1. B\u00fccher"},"content":{"rendered":"\n<p><strong><em>2021 Form und Leere &#8211;&nbsp;Zen-Malerei in west-\u00f6stlicher Korrespondenz <\/em><\/strong>(zus. mit <strong>Thorsten Schirmer<\/strong> und <strong>Ren\u00e9 B\u00f6ll<\/strong>) Verl. f\u00fcr Ethnologie, K\u00f6ln. Hgg. von der &#8222;Akademie f\u00fcr west\u00f6stlichen Dialog der Kulturen&#8220; in Zusammenarbeit mit dem Tenri (Dtsch. japanische Kulturwerkstatt K\u00f6ln). Bilder aus der Sammlung Walter Gebhard und des Metropolitan Museum of Art, NY; 170. S. Gestaltung C. Koechert, Hannover; ISBN 9783-86421-109-6. &nbsp;<\/p>\n\n\n\n<p><strong>2017\/2019:<\/strong> <strong>Der Atemkreis der Dinge &#8211;<\/strong>\u00a0Ein\u00fcbung in die <strong>Korrespondenzphilosophie<\/strong>, Alber 2017 \u00a0 (Versuch einer neuen Grundlegung der Philosophie als Praxis des Zusammenseins. (Zusammensein statt Sein, Korrespondenz statt Kommunikation) Unter R\u00fcckgriff auf Empedokles und buddhistische \u00dcberlegungen zur wechselseitigen Entstehung. (Atmosph\u00e4re als Geschehen,  Theorie des Gartens als Muster der Korrespondenz. Ich-Irrtum und Person, Streitkultur versus Harmoniekultur. Verlag Karl Alber, Freiburg-M\u00fcnchen ISBN 9783495488645. \u00a01. Auflage 2017, 2. Auflage \u00a02019.\u00a03. Auf. i.V.<\/p>\n\n\n\n<p><em><strong>2014:&nbsp;<\/strong><\/em><em>\u201e<\/em><em><strong>Schmerz<\/strong><\/em><em>\u201c &nbsp;&#8211; <strong>Philosophisch &#8211; poetische Miniaturen<\/strong><\/em>&nbsp;(PalmArtPress, Berlin). Erweiterte Neuauflage <strong>2017<\/strong> mit einer Miniatur von&nbsp;<strong>Orlando<\/strong><strong>&nbsp;di Valdivieso<\/strong>; (ISBN 978-3-941524-439).&nbsp;Ukrainische Ausgabe (Ue. Serhy Dymytrov mit Bildern von <strong>Gamlet<\/strong>&nbsp;<strong>Zinkivskiy<\/strong> bei RED ZET &nbsp;2017.ISBN978 96697673-2-5&nbsp; \/<strong>\/ Ue. ins&nbsp;<\/strong><strong><em>Chinesische,<\/em><\/strong>&nbsp;<strong>Walter Yu<\/strong>. &nbsp;Desgl. <strong>PAIN &#8211; Poetical Philosophical Miniatures<\/strong> -Schmerz, Philosophisch-Poetische Miniaturen;&nbsp;Amerikanisch-deutsche Fassung, Berlin, 2020<strong> PalmArtPress, <\/strong>Berlin<strong>.<\/strong> Ue. <strong>Dennis<\/strong>&nbsp;<strong>McCort. ISBN&nbsp;978-3-941524-81-1, (e-book 978-3-941524-89-7.)<\/strong><\/p>\n\n\n\n<p><strong>2015:<\/strong> <strong>Undinen &nbsp;&#8211; Unm\u00f6gliche Liebesgeschichten<\/strong>, 2015 &nbsp;PalmArtPress Berlin. ISBN978-3-941524-63-7.&nbsp;17 Liebesgeschichten auf der Basis des Undinen-Mythos. Neuauflage 2017. Ue. ins Ukrainische (Olexandra Kovalowa) mit Bildern von Alexei Borisov. (erschienen 2020) &nbsp;Ue. ins Englische und Chinesische.&nbsp;&nbsp;<\/p>\n\n\n\n<p><strong>2008:<\/strong> <strong><em>Brief an den Turmschreiber<\/em><\/strong><em> <\/em><strong><em>\u2013 \u00dcber Abenberg, Gott und die Welt<\/em> &#8211; ein Stadtschreiberbuch.<\/strong> (Literarische und philosophische Bemerkungen zu Stadt, Geschichte, Architektur und Atmosph\u00e4re der Stadt Abenberg anl\u00e4sslich einer Turmschreiberschaft; Fotografien von Horst Sch\u00e4fer, Horst Binder, Michaela Moritz u. a.; \u00a0120 S., Gillitzer und M\u00fcller, N\u00fcrnberg.\u00a0<em>2008<\/em>;\u00a0<a href=\"http:\/\/de.wikipedia.org\/wiki\/Spezial:ISBN-Suche\/9783980789622\">ISBN 978-3- 9807896-2-2<\/a>.\u00a0<\/p>\n\n\n\n<p><strong>1998<\/strong> : <strong><em>Aber so kommen Sie doch mit hinunter zum Flu\u00df!\u00a0<\/em><\/strong><em>&#8211; Eine minimalistische Reise, 1998, Gillitzer und M\u00fcller ISBN 3-932919-01-7. (Fotographien von J\u00fcrgen Schabel). Buchpreis f\u00fcr Gestaltung. Neu aufgelegt in Hardcover Leinen von PalmArtPress Berlin, Jan. 2015. (Mit Unterst\u00fctzung des Kultur-Referats der Stadt N\u00fcrnberg)<\/em><\/p>\n\n\n\n<p><strong>1989 <em>F\u00fcrth &#8211; Begegnungen mit einer Stadt<\/em><\/strong><em>\u00a0(1989) \u2013 Stadtbuch\u00a0der Stadt F\u00fcrth;\u00a0<\/em>mit Uwe Lichtenberg und Thomas Hierl (Fotos).\u00a0<a href=\"http:\/\/de.wikipedia.org\/wiki\/Spezial:ISBN-Suche\/3926484330\">ISBN 3 926484330<\/a>.<\/p>\n\n\n\n<p><strong>1988<\/strong>:  <strong><em>Zwei Sprachen \u2013 zwei St\u00e4dte <\/em><\/strong><em>(1988)<strong>,<\/strong>\u00a0Dichter aus Glasgow und N\u00fcrnberg schreiben = Two tongues \u2013 two towns<\/em>; Gemeinschaftsproduktion von &#8222;Open Circle Glasgow&#8220; and Kulturamt d Stadt N\u00fcrnberg N\u00fcrnberg. Zusammen mit Jack Withers, Donal McLaughlin und Ulrike Seeberger. Dagyeli, \u00a0<a href=\"http:\/\/de.wikipedia.org\/wiki\/Spezial:ISBN-Suche\/3924320756\">ISBN 3-924320-75-6<\/a>.\u00a0<\/p>\n\n\n\n<p><strong>1987: <em>Friedrich Nietzsche\u00a0\u2013 die ewige Wiederkehr des Leidens\u00a0<\/em><\/strong><em>Selbstverwirklichung und Freiheit als Problem von  \u00c4sthetik und Metaphysik<\/em>; Conscientia, 14; Bonn Bouvier; (160 S.)\u00a0<a href=\"http:\/\/de.wikipedia.org\/wiki\/Spezial:ISBN-Suche\/3416019326\">ISBN 3-416-01932-6<\/a>.\u00a0<\/p>\n\n\n\n<p><strong>1987: <em>Das Haus&nbsp;<\/em><\/strong><em>(Roman,&nbsp;1987) Frankfurt\/<\/em>Berlin; (Dagyeli)&nbsp;<a href=\"http:\/\/de.wikipedia.org\/wiki\/Spezial:ISBN-Suche\/3924320594\">ISBN 3-924320-59-4<\/a>.&nbsp;<\/p>\n\n\n\n<p><strong>1980: <em>Gott, Liebe oder die Reinhaltung der Luft&nbsp;<\/em><\/strong><em>1980<strong>,<\/strong><\/em>&nbsp;(Kurzprosa) Zeichnungen von Michael G\u00f6lling. Original Hersbrucker B\u00fccherwerkst\u00e4tte.&nbsp;<\/p>\n\n\n\n<p><strong>1978:<\/strong> <strong>Die Pilzmaschine <\/strong>1978 &nbsp;N\u00fcrnberg. &nbsp;Erz\u00e4hlungen. Verl. d. Abendzeitung &#8211; zusammen mit Ralf Huwendiek und Dagmar Allendorf. (Bleistift-Zeichnungen)&nbsp;&nbsp;<\/p>\n\n\n<address><address>&nbsp;<\/address><address>&nbsp;<\/address><\/address><address><address>\n<h2>&nbsp;<\/h2>\n<h2>&nbsp;<\/h2>\n<\/address>\n<h2><strong>2. &nbsp;Beitr\u00e4ge in &nbsp;Sammelb\u00e4nden u. Zeitschriften<\/strong><strong style=\"font-size: 12px;\">&nbsp;<\/strong><\/h2>\n<\/address><address>&nbsp;<\/address><address><strong>Der technische Raum &#8211; &nbsp;Technik und Technik-Kritik im Verh\u00e4ltnis. in: <\/strong>Harald Seubert, Klaus Neugebauer, Manuela Massa (Hg.) &#8222;Wo aber Gefahr ist&#8220; Heidegger und die Philosophie der planetarischen Technik &#8211; Schriftenreihe der &nbsp;Martin Heidegger Gesellschaft Bd. 13 Alber, M\u00fcnchen 2021. S. 136 &#8211; 149<\/address><address>&nbsp;<\/address><address><strong>&#8222;Von der Macht der Atmosph\u00e4ren&#8220;, in: <\/strong>Barbara Wolf, Christian&nbsp;<span style=\"color: #000000;\">Julmi (Hg.). Hermann Schmitz, Gernot B\u00f6hme, Reinhard Knodt, Uwe Voigt u.a. :<b style=\"caret-color: #000000;\"> Die Macht der Atmosph\u00e4ren, (<\/b><span style=\"caret-color: #000000; font-weight: 600;\">Aber, M\u00fcnchen\/Freiburg 2020).<\/span><\/span><\/address><address>&nbsp;<\/address><address><strong>Korrespondenz und &#8222;Mitsein&#8220; <\/strong>&#8211; Wie ist Heideggers Begriff des Mitseins korresondenzphilosophisch zu denken? (Vortrag, Heideggertagung Messkirch 2017; in: H.Seubert (Hg.): &#8211; Neunzig Jahre Sein und Zeit &#8211; die fundamentalontologische Frage nach dem Sinn von Sein, Martin-Heidegger-Gesellschaft Schriftenreihe Bd. 9 S. 189 &#8211; 201. Alber 2018). ISBN 978-3-495-49039-6.<\/address><address>&nbsp;<\/address><address><address><strong>Vom gelobten Land &nbsp;oder: &nbsp;Heimat als Korrespondenzph\u00e4nomen&nbsp;<\/strong> (Vortrag zur Diskussion im Heimatministerium der bayr. Staatsregierung in N\u00fcrnberg mit &nbsp;Markus S\u00f6der 2017) Publ. bei:&nbsp; J\u00fcrgen Hasse, (Hg.) Das Eigene und das Fremde &#8211; Heimat in Zeiten der Mobilit\u00e4t (Karl Aber) S. 144 &#8211; 154. Reihe &#8222;Neue Ph\u00e4nomenologie&#8220; Bd. 30; ISBN Nr.9783495490297<\/address><\/address><address><address>&nbsp;<\/address><address><strong>*H\u00f6hle &#8211;&nbsp;<\/strong>zu einem Raum der Kindheit; In: R\u00e4ume der Kindheit, ein Glossar, Transscipt 2019 Hgg. v. J\u00fcrgen Hasse u. Verena Schreiber &nbsp;ISBN-13: 9783837644241.<\/address><\/address><address>&nbsp;<\/address><address>*<strong>Liebe, Religion und Verwandtes &nbsp;&#8211; &nbsp;<\/strong>in &nbsp;R. Knodt: Der Atemkreis der Dinge &#8211; Ein\u00fcbung in die Philosophie der Korrespondenz, Aber 2017 \/ 2018 S. 89 &#8211; 122 &nbsp;ISBN Nr. 978-3-495-48864-5<\/address><address>&nbsp;<\/address><address><address><strong>*Der Weg des Westens ist die Kunst &nbsp;&#8211;<\/strong>&nbsp; Rede auf Einladung des Kunstvereins Ingolstadt am 3. Juli 2014 und im Rathaus Reinickendorf 18. Sept. 2014. (Sonderdruck des Kunstvereins Ingolstadt von 2015)<\/address><address>&nbsp;<\/address><address><strong>*Korrespondenz und Atmosph\u00e4re <\/strong>(Pl\u00e4doyer f\u00fcr eine Korrespondenzphilosophie &nbsp;als Ausweg aus einem hermeneutischen Dilemma. in: Eva Koethen (Hg.) &nbsp;Begegnung &#8211; Zwischen Kunst, Philosophie und Wissenschaft, Hamburg 2014 ISBN 978 3 830080497&nbsp;<\/address><\/address><address>&nbsp;<\/address><address><strong>W\u00dcRDE &#8211; Eine Kunstintervention von J\u00f6rg Amonat und Reinhard Knodt,<\/strong>&nbsp; In: Beatrix Vogel (Hg.) Umwertung der Menschenw\u00fcrde &#8211; Kontroversen mit und nach Nietzsche &#8211; mit einem Vorwort von Michael von Br\u00fcck) Alber Philosophie, M\u00fcnchen 2014. ISBN 978-3-495-48655-9.<\/address><address>&nbsp;<\/address><address><address><strong>Vom Ja und vom Nein und vom Dazwischen, <\/strong>Vortrag auf d. 3. Festival d. Philosophie der Stadt Hannover \/Stadtkirche. (Inhalt das Sic et Non der scholastischen Wissenschaft und die atmosph\u00e4rische Arbeit der Kunst. &#8211; Die sprengende Kraft der Liebe bei Abaelard und die Macht der Korrespondenzen) Vortrag 2012; Publ. in:<\/address><address>&nbsp;<\/address><address><strong>Peter Nickl, Assunta Verrone<\/strong>, (Hg.) Wie viel Vernunft braucht der Mensch?\/Philosophie: Forschung und Wissenschaft 2015 ISBN 978-3-643-12285-8.<\/address><address>&nbsp;<\/address><address><strong>Der Primat des \u00c4sthetischen<\/strong>&nbsp;\u2013&nbsp; Nietzsche in sp\u00e4ter Anwendung auf Ph\u00e4nomene&nbsp;des Bauens, Lebens und Arbeitens in unserer Zeit. Vortrag. auf Einladung d. Nietzsches-Forums M\u00fcnchen. &nbsp;Seidlvilla, 11. Nov. 2011. &nbsp;(CD des Nietzscheforums M\u00fcnchen: Auch als CD (111128 CD1) v. 28. 11. 2011<\/address><address>&nbsp;<\/address><address><strong>Vom Recht auf Erinnerung <\/strong>&#8211; Nachdenken \u00fcber Architektur, Rekonstruktion und atmosph\u00e4rische Differenz in: Sehnsucht nach der alten Stadt \u2013 \u00dcber das Unbehagen an der Moderne und die Legitimit\u00e4t von Rekonstruktionen, Rotary Magazin Nr. 9\/2011 C5943E , S. 32 \u2013 34.<\/address><address>&nbsp;<\/address><address><strong>Wohnen denken<\/strong> \u2013 Von den ethischen und \u00e4sthetischen Defiziten der Architekturmoderne&nbsp;(2010), MERKUR \u2013 Deutsche Zeitschrift f\u00fcr europ\u00e4isches Denken. Heft&nbsp; 12, &nbsp;64. Jahrg. &nbsp;1 \u2013 13. Ue ins Englische (als Kindle E-book) unter:&nbsp;<strong>*Thinking Dwelling (2010)<\/strong>&nbsp;\u2013 On the Aesthetic and Ethical Deficiencies of Modern Architecture, (Ue. Matthew Pritchard, Cambridge)<\/address><\/address><address style=\"line-height: 14.4px;\">&nbsp;<\/address><address><address><strong>Der Staat, die Arbeit und der Genius (2010),<\/strong>&nbsp;Elit\u00e4res versus emanzipatorisches Staatsverst\u00e4ndnis. Zu Nietzsches Staatsverst\u00e4ndnis. (Gastvorlesung M\u00fcnchen, LMU 11. Januar 2010) Publ. in: Hans Martin Schoenherr-Mann (Hg.) &nbsp;M\u00fcnchen 2010; Der Wille zur Macht und die \u201egro\u00dfe Politik\u201c &nbsp;\u2013 Friedrich Nietzsches Staatsverst\u00e4ndnis. Nomos, Reihe \u201eStaatsverst\u00e4ndnisse\u201c&nbsp; Nr. 35 Hrsg. R\u00fcdiger Voigt&nbsp; S. 19- 32.<\/address><address>&nbsp;<\/address><address>&nbsp;<strong>Atmosph\u00e4re und Fest,<\/strong>&nbsp; (2009); Ver\u00e4nderte und erg\u00e4nzte Teilpublikation aus: &nbsp;\u00c4sthetische Korrespondenzen, Reclam, Stuttg. 1993. Kindle e-books.<\/address><address>&nbsp;<\/address><address><strong>Der heilige Raum<\/strong>&nbsp;\u2013 Eine \u00dcberlegung angesichts der Grotte von Niki de St. Phalle in den Herrenh\u00e4user G\u00e4rten z. Festival der Philosophie. 2008 &nbsp;In: Die Seele \u2013 Metapher oder Wirklichkeit. Texte zum ersten Festival der&nbsp;Philosophie in Hannover 2008.&nbsp;Hrsg. Peter Nickl und Georgios Terizakis, Transcript; Ed. Moderne- Postmoderne;&nbsp;Dezember 2009, ca. 210 S. 22,80 \u20ac&nbsp;\/ISBN 978-3-8376-1268-4.<\/address><address>&nbsp;&nbsp;<\/address><address><address>&nbsp;<strong>Multiplexkinos und andere Flaniermaschinen (2009)&nbsp;<\/strong>Kulturphilosophische Betrachtungen zu einer architektonischen Kulisse; &nbsp;CPH N\u00fcrnberg, 2009. (Vortrag, publiziert als:<\/address><address>&nbsp;<\/address><\/address><address><strong>STADT&nbsp; \u2013 &nbsp;KINO DER SEHNSUCHT (2008)<\/strong>&nbsp;(Verschiedene Vortragsfassungen (71 Minuten und 60 Minuten). Eine Rundfunkfassung 55\u2018 f\u00fcr den BR<strong>\/\/ <\/strong>Universit\u00e4tsvortrag in der\u201eMontagsreihe\u201c der Universit\u00e4t Karlsruhe zur Architektur: Thema: \u201eStadt in Zukunft \u2013 Planung heute.\u201c &nbsp;Einlad. \u201eArch+\u201c mit&nbsp; Bazon Brock u.a.&nbsp;<\/address><address>&nbsp;<\/address><\/address><address><strong>&#8222;Die einzig wirkliche Welt des Menschen\u2026\u201c<\/strong>&nbsp; \u2013 \u00dcberlegungen zur Philosophie Ludwig Feuerbachs, in: &nbsp;Glaser, Lindenmann, Ackermann (Hrsg). &nbsp;Die Feuerbachs \u2013 eine deutsche Familie im 19. Jahrhundert,&nbsp;<em>&nbsp;Schrenk<\/em>&nbsp; 2006. ( ISBN 3-924270-46-5) S.64-70.<\/address><address>&nbsp;<\/address><address><strong>Vom Schweigen und Vergessen<\/strong>&nbsp;\u2013 Sprache im Angesicht der Natur bei Nietzsche, in: <strong>Manfred Riedel<\/strong> (Hrsg.) \u201eJedes Wort ist ein Vorurteil,\u201c Philologie und Philosophie in Nietzsches Denken,&nbsp;<em>B\u00f6hlau,<\/em>&nbsp;Weimar, K\u00f6ln, Wien 1999, S. 227-237.<\/address><address>&nbsp;<\/address><address><strong>Das Prinzip Mall <\/strong>&nbsp;\u2013 Zur \u00e4sthetischen Einsch\u00e4tzung technischer Lebenswelten, 1997; 1992 Merkur, deutsche Zeitschrift f\u00fcr europ\u00e4isches Denken, hrsg. v. Karl Heinz Bohrer, Nr. 512, Febr. 1992. Auch in: Andreas Wang: \u201cGedanken zur Zeit\u201d Rundfunkessays 1947-1997 bei&nbsp;<em>S. Fischer<\/em>&nbsp;13590, Frankf. a.M. 1997.<\/address><address>&nbsp;<\/address><address><strong>Schlaf-Safe \u2013 \u00fcber Gastlichkeit im technischen Raum<\/strong>, in: Glaser, Hermann:&nbsp; Karlsruher Gespr\u00e4che 1997, Aphorismen zu Stadt-Ansichten, Jahrgang 1 Heft 2\/ 1997 ISBN 39805595-1-3, S.47-53.<\/address><address>&nbsp;<\/address><address><strong>Cartesisches Essen <\/strong>&nbsp;\u2013 \u00fcber den Fortschritt eines Prinzips und seine Einfl\u00fcsse auf&nbsp; die \u00c4sthetik des Angenehmen. (Vortrag an der Hochschule der K\u00fcnste in Kassel. Publ. als Kurzvortrag im Hessischen Rundfunk bei Andreas Wang: \u201cGedanken zur Zeit.\u201d 1994.)<\/address><address>&nbsp;<\/address><address><strong>Der K\u00fcnstler und die Wissenschaften <\/strong>&#8211; Bemerkungen zum Verh\u00e4ltnis von \u00e4sthetischer Korrespondenz und technischer Kommunikation \u2013 Festvortrag Univ. Kassel am 14. Okt. 1992.&nbsp;<\/address><address>&nbsp;<\/address><address><strong>\u201dSch\u00f6nes Montafon\u201d- Zur \u00e4sthetischen Betrachtung der Alpen im technischen Raum<\/strong>: MERKUR \u2013 Deutsche Zeitschrift f\u00fcr europ\u00e4isches Denken Heft 2 ; <em>Klett<\/em> 1993 47. Jg.&nbsp; S. 101 \u2013 110.<\/address><address>&nbsp;<\/address><address><strong>Das Alpendorf \u2013 Zur Frage der Natur\u00e4sthetik im technischen Raum<\/strong>&nbsp;(wissenschaftliche Fassung v. \u201cSch\u00f6nes Montafon\u201d in: \u201cZukunft oder Ende, Hg. v. R. Maresch,&nbsp;<em>Boer<\/em>, 1993.<\/address><address>&nbsp;<\/address><address><strong>Der Bauchtanz findet nicht statt<\/strong>,&nbsp;<strong>1993 \u2013 \u00fcber Medien und \u00e4sthetische Korrespondenz;<\/strong>&nbsp;Merkur \u2013 Sonderheft \u201cMedien-Neu\u201d Nr. 534\/535 August, September 1993, S. 914-919. &nbsp; Auch als Vortrag an d. Friedrich Schiller-Universit\u00e4t Jena am 14. Mai 1990.<\/address><address>&nbsp;<\/address><address><strong>Apr\u00e8s Heidegger: Y-a-t-il une Philosophie de la Technique sur des Fondements Esthetiques?<\/strong>&nbsp;(Vortrag zum internationalen Heideggerkongress am 21. September 1989 im Coll\u00e8ge International de Philosophie; franz\u00f6sische Version in: PENSER APRES HEIDEGGER,&nbsp;<em>L\u2019Harmattan<\/em>, Paris 1992.<\/address><address>&nbsp;<\/address><address><strong>Die Arche und die V\u00f6gel \u2013 technischer Raum als st\u00e4dtische Landschaft<\/strong>&nbsp; Zeitschriftenaufsatz in: LETTRE INTERNATIONAL Nr. 52 (Okt. 92) S. 52 ff.\/ mit Diskussion &nbsp;in LETTRE Nr. 53.<\/address><address>&nbsp;<\/address><address><strong>Technical Space and Aesthetical Thinking (1991)<\/strong>&nbsp;(Vortrag an der Pennsylvania State University am 20. *April. 1991.) Publiziert in: \u201cResearch in Philosophy and Technology, JAI Press Inc. Ed. by Carl Mitcham; Pennsylvania Univ. Press 1992.<\/address><address>&nbsp;<\/address><address><strong>Das \u00c4sthetische und das Mystische \u2013 zum Begriff der Transsubjektivit\u00e4t bei Schopenhauer (1991)<\/strong>&nbsp;in: E. Jain, Reinhard Margreiter (Hrsg.) Probleme Philosophischer Mystik, Festschrift f\u00fcr Karl Albert zum 70. Geburtstag; Akademia 1991, ISBN: 388345-567-9.<\/address><address>&nbsp;<\/address><address><strong>L\u2019 \u00e9space technique et la personne europ\u00e9enne<\/strong>, Vortrag am Coll\u00e8ge International am 10. 7. 1991. Publiziert in franz\u00f6sischer Sprache: \u201cL\u2019Europe et les Medias\u201d 8. \u2013 12. Juillet 1991 (Einladung v. Paul Virilio\/Jaques Poullain\/ Wolfgang Schirmacher) frz.\/dt.<\/address><address>&nbsp;<\/address><address><strong>\u00dcber einen neuen Stil in der Philosophie \u2013 Odo Marquard<\/strong>, (Philosophischer Essay \u00fcber Odo Marquard als Methode des Verstehens in: Frankfurter Hefte Nr. 37. Jg. Nr. 7; Juli 1990.<\/address><address>&nbsp;<\/address><address><strong><em>Vernunftkritik und Aufkl\u00e4rung&nbsp;\u2013 Reflexionen zu einem schwierigen Verh\u00e4ltnis (1989)<\/em><\/strong>&nbsp;in:&nbsp;<em>Aufkl\u00e4rung und Postmoderne \u2013 200 Jahre nach der franz\u00f6sischen Revolution das Ende aller Aufkl\u00e4rung?<\/em>&nbsp;Mit Beitr\u00e4gen von Wolfgang Welsch, Wiebrecht Ries, Henning Ottmann, Klaus Wellner, Reinhard Knodt, Reinhard Margreiter, Rafael Capurro, Reinhart Maurer, Volker Gerhardt, G\u00fcnter Dux und Hubertus Mynarek; Schriftenreihe der freien Akademie, Band 11, 1991;&nbsp;<a href=\"http:\/\/de.wikipedia.org\/wiki\/Spezial:ISBN-Suche\/3923834098\">ISBN 3-923834-09-8<\/a>.<\/address><address>&nbsp;<\/address><address><strong>Die Technik und das Leiden (1989) &#8211;<\/strong>&nbsp;F\u00fcnf Thesen gegen einige Selbstverst\u00e4ndlichkeiten des naturwissenschaftlichen Weltbildes und ihre Erl\u00e4uterung. &nbsp;In: Der Humanist 16. Jahrg. Heft 11; Nov. 1989 (ISSN 0344 1059).<\/address><address>&nbsp;<\/address><address><strong>Das Leiden und das Lachen \u2013 zum Verst\u00e4ndnis Schopenhauers (1989)<\/strong>&nbsp;in: Schirmacher (Hg.) 1989, Schopenhauer und die \u00e4sthetische Grundstellung seiner Philosophie in der Postmoderne.&nbsp;<em>Passagen<\/em>, Wien, (ISBN 3900767 18 1).<\/address><address>&nbsp;<\/address><address><strong>Der Wille zur Macht und das Leiden \u2013 Nietzsche.<\/strong>&nbsp;&nbsp;in: Bayreuther Beitr\u00e4ge z. Literaturwissenschaft 1989, Bd.11, Hg. v. W. Gebhard, Frankf.\/ New York.<\/address><address>&nbsp;<\/address><address><strong>Irrationalismus und Vernunft\u201d (1988)<\/strong>&nbsp;\u2013 zur Vernunftkritik der Postmoderne in: \u201cDer Humanist\u201d, ISSN 0344\/1059; 15. Jg. 1988, Heft 9.<\/address><address>&nbsp;<\/address><address><strong>Die Philosophie und die W\u00fcste&nbsp; &#8211;<\/strong>&nbsp;Thesen zur Technik, N\u00fcrnberger Bl\u00e4tter, (Zeitschrift f\u00fcr Philosophie u. Literatur) ISSN 0177 1629. Nr. 4; 2. Jg. Sept. 1986.<\/address><address>&nbsp;<\/address><address><strong>Asyle \u2013 Ph\u00e4nomenologie der politischen Sch\u00e4bigkeit, 1985, 1991) <\/strong>in: \u201cL 80\u2033 Zeitschrift f\u00fcr Literatur u. Politik, Hrsg. H. B\u00f6ll, G. Grass u.a., 2. In &nbsp;Nr. 36, Dez. 1985.\/ Wiederabdruck in: Lettre International Nr. 15. IV. Vj. 1991&nbsp; A 5821 F S. 14.<\/address><address>&nbsp;<\/address>\n\n\n<p><\/p>\n","protected":false},"excerpt":{"rendered":"<p>2021 Form und Leere &#8211;&nbsp;Zen-Malerei in west-\u00f6stlicher Korrespondenz (zus. mit Thorsten Schirmer und Ren\u00e9 B\u00f6ll) Verl. f\u00fcr Ethnologie, K\u00f6ln. Hgg. von der &#8222;Akademie f\u00fcr west\u00f6stlichen Dialog der Kulturen&#8220; in Zusammenarbeit mit dem Tenri (Dtsch. japanische Kulturwerkstatt K\u00f6ln). Bilder aus der &hellip; <a href=\"https:\/\/www.reinhard-knodt.de\/?page_id=718\">Weiterlesen <span class=\"meta-nav\">&rarr;<\/span><\/a><\/p>\n","protected":false},"author":1,"featured_media":0,"parent":193,"menu_order":0,"comment_status":"closed","ping_status":"closed","template":"","meta":{"ngg_post_thumbnail":0,"footnotes":""},"class_list":["post-718","page","type-page","status-publish","hentry"],"_links":{"self":[{"href":"https:\/\/www.reinhard-knodt.de\/index.php?rest_route=\/wp\/v2\/pages\/718","targetHints":{"allow":["GET"]}}],"collection":[{"href":"https:\/\/www.reinhard-knodt.de\/index.php?rest_route=\/wp\/v2\/pages"}],"about":[{"href":"https:\/\/www.reinhard-knodt.de\/index.php?rest_route=\/wp\/v2\/types\/page"}],"author":[{"embeddable":true,"href":"https:\/\/www.reinhard-knodt.de\/index.php?rest_route=\/wp\/v2\/users\/1"}],"replies":[{"embeddable":true,"href":"https:\/\/www.reinhard-knodt.de\/index.php?rest_route=%2Fwp%2Fv2%2Fcomments&post=718"}],"version-history":[{"count":62,"href":"https:\/\/www.reinhard-knodt.de\/index.php?rest_route=\/wp\/v2\/pages\/718\/revisions"}],"predecessor-version":[{"id":1651,"href":"https:\/\/www.reinhard-knodt.de\/index.php?rest_route=\/wp\/v2\/pages\/718\/revisions\/1651"}],"up":[{"embeddable":true,"href":"https:\/\/www.reinhard-knodt.de\/index.php?rest_route=\/wp\/v2\/pages\/193"}],"wp:attachment":[{"href":"https:\/\/www.reinhard-knodt.de\/index.php?rest_route=%2Fwp%2Fv2%2Fmedia&parent=718"}],"curies":[{"name":"wp","href":"https:\/\/api.w.org\/{rel}","templated":true}]}}