{"id":4,"date":"2011-09-26T18:32:35","date_gmt":"2011-09-26T16:32:35","guid":{"rendered":"http:\/\/www.stein-it-consult.de\/WP-Reinhard-Knodt\/?page_id=4"},"modified":"2022-12-14T15:34:16","modified_gmt":"2022-12-14T14:34:16","slug":"home","status":"publish","type":"page","link":"https:\/\/www.reinhard-knodt.de\/","title":{"rendered":"&#8222;Reinhard Knodt verbindet Philosophie und Poesie zu einem untrennbaren Amalgam&#8230;.&#8220; (Wolfgang Nieblich, PalmArtPress)"},"content":{"rendered":"\n<p><\/p>\n\n\n\n<figure class=\"wp-block-image size-large is-resized is-style-rounded\"><a href=\"http:\/\/www.reinhard-knodt.de\/wp-content\/uploads\/49673900_2041992672543733_5191534640933896192_o.jpg\"><img loading=\"lazy\" decoding=\"async\" src=\"http:\/\/www.reinhard-knodt.de\/wp-content\/uploads\/49673900_2041992672543733_5191534640933896192_o.jpg\" alt=\"\" class=\"wp-image-1316\" width=\"716\" height=\"536\" srcset=\"https:\/\/www.reinhard-knodt.de\/wp-content\/uploads\/49673900_2041992672543733_5191534640933896192_o.jpg 960w, https:\/\/www.reinhard-knodt.de\/wp-content\/uploads\/49673900_2041992672543733_5191534640933896192_o-300x225.jpg 300w, https:\/\/www.reinhard-knodt.de\/wp-content\/uploads\/49673900_2041992672543733_5191534640933896192_o-768x576.jpg 768w\" sizes=\"auto, (max-width: 716px) 100vw, 716px\" \/><\/a><\/figure>\n\n\n\n<p>\u00dcBERBLICK:<\/p>\n\n\n\n<p><span style=\"color: #000000; font-family: Georgia; font-size: medium;\">* RK 1951 in Dinkelsb\u00fchl (Mfr.), mehrfacher Kulturpreistr\u00e4ger, unter anderem der Bayerischen Akademie der K\u00fcnste. Stadtschreiber in Abenberg. \u00dcbersetzungen ins Englische, Rum\u00e4nische, Polnische, Ukrainische u. Chinesische, lebt in Berlin.<\/span><\/p>\n\n\n\n<p><span style=\"color: #000000; font-family: Georgia; font-size: medium;\">Biogr.: Lehrerssohn aus prot. Milieu. Studium der Philosophie, Politik u. Literaturwissenschaft in Heidelberg, Erlangen und am Trinity College Dublin. (Promotion \u00fcber F. Nietzsche). Lehrer und einflussreiche Helfer waren H. G. Gadamer, Manfred Riedel, Friedrich Kaulbach (Philosophie) Luise Rinser (Literatur), Christoph Buch, Walter Gebhard (Buddhologie) und Ivan Illich. Beginn philosophischer und literarischer Ver\u00f6ffentlichungen Ende d. 80iger Jahre. Viele Rundfunkarbeiten. Die Habilitationsschrift macht den Versuch einer der Kommunikationstheorie gegen\u00fcbergestellten &#8222;Korrespondenzphilosophie&#8220;. (Aufnahme in Reclams gelbe Reihe, Philosophen des 20. u. 21 Jh. UB 8986). Universit\u00e4ts-Engagements: Jesuitencolleg Maynooth (2 J.) Univers. Bayreuth (1 J.) Universit\u00e4t Erlangen-N\u00fcrnberg (8 J.), HDK Kassel (Lehrst.vertretung) und UDK Berlin (LA 2006 &#8211; 2015). RK ist seit 2019 Vorstand der &#8222;west\u00f6stlichen Akademie f\u00fcr interkulturellen Dialog (<a href=\"http:\/\/www.westostakademie.de\">www.westostakademie.de<\/a>). Lebt in Berlin<\/span>.<\/p>\n\n\n\n<p><span style=\"color: #000000; font-family: Georgia; font-size: medium;\">A<\/span>usf\u00fchrlich unter: <a href=\"https:\/\/de.wikipedia.org\/wiki\/Reinhard_Knodt\">https:\/\/de.wikipedia.org\/wiki\/Reinhard_Knodt<\/a><\/p>\n\n\n\n<p><em><span style=\"color: #000000;\"><span style=\"font-family: Georgia, Bitstream Charter;\"><span style=\"font-size: medium;\"><i><b>Wichtigste Publikationen:<\/b><\/i><\/span><\/span><\/span><\/em><b style=\"color: #000000; font-family: Georgia, 'Bitstream Charter'; font-size: medium; font-style: italic;\">&nbsp;<\/b><b style=\"color: #000000; font-family: Georgia, 'Bitstream Charter'; font-size: medium; font-style: italic;\"> <\/b><\/p>\n\n\n\n<p><strong>Philosophie:<\/strong><\/p>\n\n\n\n<h3 class=\"wp-block-heading\"><strong>2021. Form und Leere<\/strong>\u00a0 &#8211; Zen-Malerei, Buddhismus und der Westen.&#8220; z. m. Th.\u00a0Schirmer und Ren\u00e9 B\u00f6ll) Jap. dt. Kulturwerkstatt K\u00f6ln, (ISBN978 3 86421 1096.)<\/h3>\n\n\n\n<h3 class=\"wp-block-heading\"> <b>2017 \/2019 &#8222;Der Atemkreis der Dinge&#8220; &#8211; Ein\u00fcbung in die Philosophie der Korrespondenz<\/b>. (Alber. zwei Auflagen)<\/h3>\n\n\n\n<h3 class=\"wp-block-heading\"><strong><b>1994:&nbsp;<\/b><\/strong>\u201e<b>\u00c4sthetische  Korrespondenzen<\/b>, Reclams Universalbibliothek. UB8986&nbsp;<\/h3>\n\n\n\n<p><strong>1987:<\/strong>&nbsp;<strong>Nietzsche &#8211; &#8222;Die ewige Wiederkehr des&nbsp;Leidens&#8220;&nbsp;<\/strong>(Nietzsches&nbsp;Antwort auf&nbsp;Schopenhauers Buddhismus), Bouvier, Bonn.<\/p>\n\n\n\n<p><\/p>\n\n\n\n<p><strong>Literarische B\u00fccher:<\/strong><\/p>\n\n\n\n<p><strong><span style=\"color: #000000;\"><span style=\"font-family: Georgia, Bitstream Charter;\"><span style=\"font-size: small;\">2015:\u00a0\u201e<\/span><\/span><\/span><\/strong><span style=\"color: #000000;\"><span style=\"font-family: Georgia, Bitstream Charter;\"><span style=\"font-size: small;\"><strong>Undinen \u2013 Unm\u00f6gliche\u00a0<\/strong><\/span><\/span><\/span><em><span style=\"color: #000000;\"><span style=\"font-family: Georgia, Bitstream Charter;\"><strong><span style=\"font-size: small;\"><i>Liebesgeschichten<\/i><\/span><\/strong><span style=\"font-size: small;\"><i>\u201c\u00a0<\/i><\/span><\/span><\/span><\/em><span style=\"color: #000000;\"><span style=\"font-family: Georgia, Bitstream Charter;\"><span style=\"font-size: small;\"><strong>\u00a0<\/strong>(PalmArtPress Berlin) \/\/2. Aufl. <\/span><\/span><\/span><b style=\"color: #000000; font-family: Georgia, 'Bitstream Charter'; font-size: small;\">2017; \u00a0<\/b><\/p>\n\n\n\n<p><span style=\"color: #000000; font-size: small;\"><span style=\"caret-color: #000000; font-weight: 600;\">2014: Schmerz<\/span><\/span><b style=\"color: #000000; font-family: Georgia, 'Bitstream Charter'; font-size: small;\">: &#8211; Literarisch-philosophische&nbsp;<\/b><span style=\"color: #000000; font-family: Georgia, Bitstream Charter; font-size: small;\"><span style=\"caret-color: #000000; font-weight: 600;\">Miniaturen<\/span><\/span><b style=\"color: #000000; font-family: Georgia, 'Bitstream Charter'; font-size: small;\">&nbsp;<\/b><span style=\"color: #000000; font-family: Georgia, Bitstream Charter; font-size: small;\">(PalmArtPress, 2014).&nbsp;<\/span><b style=\"color: #000000; font-family: Georgia, 'Bitstream Charter'; font-size: small;\"> <\/b><\/p>\n\n\n\n<p>2005  Brief an den Turmschreiber &#8211; Skizzen einer Landschaft. (Abenberger Stadtschreiberschaft) bei Gillitzer und M\u00fcller. Nbg.<\/p>\n\n\n\n<p><b style=\"color: #000000; font-family: Georgia, 'Bitstream Charter'; font-size: small;\">Aber so kommen sie doch mit hinunter zum Flu\u00df!&#8220; (1998)\u00a0<\/b><span style=\"color: #000000; font-family: Georgia, Bitstream Charter; font-size: small;\">Ein Minimalreisef\u00fchrer \u00fcber 30 m als Anleitung zum Flugzeuglosen Reisen.\u00a0<\/span><\/p>\n\n\n\n<p><b style=\"color: #000000; font-family: Georgia, 'Bitstream Charter'; font-size: small;\">1987 Das Haus <\/b><span style=\"color: #000000; font-family: Georgia, Bitstream Charter; font-size: small;\">(Roman, Dagyely, Berlin 1987)\u00a0<\/span><\/p>\n\n\n\n<p><\/p>\n\n\n\n<p><strong><em>Publizistik, Funkerz\u00e4hlungen, Feature&#8230;&nbsp;<\/em>&nbsp;&nbsp;<\/strong><\/p>\n\n\n\n<p>Viele Aufs\u00e4tze und Reden in Sammelb\u00e4nden u. Zeitschriften, Salonreden, Glossen. \u00dcber 100 Rundfunksendungen: Zeitbilder, Podienreihen f\u00fcr den bayerischen Rundfunk, z.B. \u00a0<strong><span lang=\"zxx\"><u><a href=\"http:\/\/de.wikipedia.org\/wiki\/N%C3%BCrnberger_Autorengespr%C3%A4che\">N\u00fcrnberger Autorengespr\u00e4che<\/a><\/u><\/span><\/strong>\u00a0und der\u00a0<strong><span lang=\"zxx\"><u><a href=\"http:\/\/www.uni-bamberg.de\/ubp\/verlagsprogramm\/reihen\/bamberger-hegelwochen\/\">Bamberger Hegelwochen<\/a><\/u><\/span><\/strong> oder\u00a0Themensendungen: (&#8222;Philosophie light&#8220;, \u201eWo liegt Berlin?\u201c, &#8222;Die unheimliche Sehnsucht des Dr. Carl Peters&#8220;, <a href=\"https:\/\/www.reinhard-knodt.de\/?page_id=412\">&#8222;Zen in Bayern&#8220;<\/a> . Gelegentlich <strong><b>Essays<\/b><\/strong>\u00a0f\u00fcr das\u00a0<strong><b>Kritische Tagebuch<\/b><\/strong> des WDR und <strong>Architekturkritiken<\/strong>\u00a0\u00fcber Berliner Regierungsbauten f\u00fcr Deutschlandradio Berlin zwischen 2000 und 2015.<\/p>\n\n\n\n<p><strong><em>Arbeiten f\u00fcr Musikauff\u00fchrungen<\/em>: &nbsp;<\/strong><\/p>\n\n\n\n<p><strong>Oratorium:\u00a0 <\/strong>&#8222;Zeitenwenden&#8220;  Vertonung Hans Kraus H\u00fcbner (Urauff\u00fchrung Heidenheim, M\u00fcnster, 2001)<\/p>\n\n\n\n<p>Oratorium: &#8222;Die Legende der hl. Walburga  (Vertonung Hans Kraus H\u00fcbner) (Urauff.\u00a0<span style=\"color: #000000;\"><span style=\"caret-color: #000000;\">Heidenheim und Eichst\u00e4dt  <\/span><\/span>2005<\/p>\n\n\n\n<p><span style=\"color: #000000;\"><span style=\"caret-color: #000000;\"><strong>&#8222;Lichtgedichte&#8220;<\/strong> (Gedichte f\u00fcr Dome)  U<\/span><\/span><span style=\"caret-color: #000000;\">rauff<\/span><span style=\"color: #000000;\"><span style=\"caret-color: #000000;\">. Klosterkirche Auhausen April 2022)<\/span><\/span><\/p>\n\n\n\n<p><\/p>\n\n\n\n<p><b>Kulturpolitische Engagements: &nbsp;<\/b><\/p>\n\n\n\n<p>Mitherausgabe der <strong><a href=\"https:\/\/de.wikipedia.org\/wiki\/N\u00fcrnberger_Bl\u00e4tter\">&#8222;N\u00fcrnberger Bl\u00e4tter&#8220;<\/a>,<\/strong>\u00a0Organisation der<strong> N\u00fcrnberger Autorengespr\u00e4che. <\/strong>(1985-1995) Gr\u00fcndung eines Philosophischen Salons (<strong><a href=\"http:\/\/www.schnackenhof.de\">Schnackenhof 1995<\/a>).<\/strong>\u00a0Delegationsreisen mit Politikern nach Edinburgh, Krakau, Kiew, Kharkiv, Moskau. Vorsitz <strong><b>VS Nordbayern <\/b><\/strong>(2 Jahre) und Einrichtung der \u201e<strong><b>N\u00fcrnberger Mittagslesungen<\/b><\/strong>\u201c (Jetzt \u201eG\u00e4ste und Buch\u201c) der bis heute meist besuchten Leseeinrichtung Frankens. Aktivit\u00e4ten f\u00fcr den<strong> PEN<\/strong> (Writers in Exile). T\u00e4tigkeit im Beirat der internationalen Heideggergesellschaft. Ab 2019 Vorsitz\u00a0<span style=\"color: #000000;\"><span style=\"caret-color: #000000;\">der <a href=\"http:\/\/www.westostakademie.de\">Akademie f\u00fcr west\u00f6stlichen Kulturdialog<\/a><\/span><\/span>. (www.Westostakademie.de)<\/p>\n\n\n\n<p><strong><b>&nbsp;<\/b><\/strong><\/p>\n\n\n\n<p><strong><b>Preise, Stipendien<\/b><\/strong><\/p>\n\n\n\n<ol class=\"wp-block-list\">\n<li> <em><i>2007 Literaturpreis der Bayerischen Akademie der sch\u00f6nen K\u00fcnste (Fr. Baur Preis);<\/i><\/em><\/li>\n\n\n\n<li><em><i>&nbsp;<em><i>2004 Turmschreiber der Stadt Abenberg;<\/i><\/em><\/i><\/em><\/li>\n\n\n\n<li> <em><i>2003 Journalistenpreis des Bayerischen Kultusministers.&nbsp;<\/i><\/em> <\/li>\n\n\n\n<li> <i>1998 Literaturpreis der Industrie- und Handelskammer Mfr.-N\u00fcrnberg) zus. mit Ewald Arenz und Ralph Huwendiek<\/i> <\/li>\n\n\n\n<li> <i>1996&nbsp; Wolfram v. Eschenbach &#8211; Kulturf\u00f6rderpreis &nbsp;&nbsp;<\/i> <\/li>\n\n\n\n<li> <em><i>Versch. Reisestipendien des ausw\u00e4rtigen Amtes der Bundesrepublik Deutschland und des VS nach Polen, Ungarn und in die USA<\/i><\/em>, sowie Begleitungen diplomatischer Gruppen in die Ukraine und nach Russland (Moskau\/Wladimir).<\/li>\n<\/ol>\n\n\n\n<p>&nbsp;<\/p>\n\n\n\n<p><\/p>\n\n\n\n<figure class=\"wp-block-image size-large is-resized is-style-rounded\"><a href=\"http:\/\/www.reinhard-knodt.de\/wp-content\/uploads\/49673900_2041992672543733_5191534640933896192_o.jpg\"><img loading=\"lazy\" decoding=\"async\" src=\"http:\/\/www.reinhard-knodt.de\/wp-content\/uploads\/49673900_2041992672543733_5191534640933896192_o.jpg\" alt=\"\" class=\"wp-image-1316\" width=\"716\" height=\"536\" srcset=\"https:\/\/www.reinhard-knodt.de\/wp-content\/uploads\/49673900_2041992672543733_5191534640933896192_o.jpg 960w, https:\/\/www.reinhard-knodt.de\/wp-content\/uploads\/49673900_2041992672543733_5191534640933896192_o-300x225.jpg 300w, https:\/\/www.reinhard-knodt.de\/wp-content\/uploads\/49673900_2041992672543733_5191534640933896192_o-768x576.jpg 768w\" sizes=\"auto, (max-width: 716px) 100vw, 716px\" \/><\/a><\/figure>\n\n\n\n<p><\/p>\n","protected":false},"excerpt":{"rendered":"<p>\u00dcBERBLICK: * RK 1951 in Dinkelsb\u00fchl (Mfr.), mehrfacher Kulturpreistr\u00e4ger, unter anderem der Bayerischen Akademie der K\u00fcnste. Stadtschreiber in Abenberg. \u00dcbersetzungen ins Englische, Rum\u00e4nische, Polnische, Ukrainische u. Chinesische, lebt in Berlin. Biogr.: Lehrerssohn aus prot. Milieu. Studium der Philosophie, Politik u. &hellip; <a href=\"https:\/\/www.reinhard-knodt.de\/\">Weiterlesen <span class=\"meta-nav\">&rarr;<\/span><\/a><\/p>\n","protected":false},"author":1,"featured_media":0,"parent":0,"menu_order":0,"comment_status":"closed","ping_status":"closed","template":"","meta":{"ngg_post_thumbnail":0,"footnotes":""},"class_list":["post-4","page","type-page","status-publish","hentry"],"_links":{"self":[{"href":"https:\/\/www.reinhard-knodt.de\/index.php?rest_route=\/wp\/v2\/pages\/4","targetHints":{"allow":["GET"]}}],"collection":[{"href":"https:\/\/www.reinhard-knodt.de\/index.php?rest_route=\/wp\/v2\/pages"}],"about":[{"href":"https:\/\/www.reinhard-knodt.de\/index.php?rest_route=\/wp\/v2\/types\/page"}],"author":[{"embeddable":true,"href":"https:\/\/www.reinhard-knodt.de\/index.php?rest_route=\/wp\/v2\/users\/1"}],"replies":[{"embeddable":true,"href":"https:\/\/www.reinhard-knodt.de\/index.php?rest_route=%2Fwp%2Fv2%2Fcomments&post=4"}],"version-history":[{"count":416,"href":"https:\/\/www.reinhard-knodt.de\/index.php?rest_route=\/wp\/v2\/pages\/4\/revisions"}],"predecessor-version":[{"id":1724,"href":"https:\/\/www.reinhard-knodt.de\/index.php?rest_route=\/wp\/v2\/pages\/4\/revisions\/1724"}],"wp:attachment":[{"href":"https:\/\/www.reinhard-knodt.de\/index.php?rest_route=%2Fwp%2Fv2%2Fmedia&parent=4"}],"curies":[{"name":"wp","href":"https:\/\/api.w.org\/{rel}","templated":true}]}}